 d and j.
7
Let p be ((-2)/(-7))/(3/21). Suppose p*y + 5 - 3 = 0. Let b be (-109)/(-6) - 1*y/(-6). What is the greatest common divisor of b and 9?
9
Let v(b) = 206*b + 9459. Let u be v(-45). Let w be 2/(-7) + 300/21. Calculate the highest common factor of u and w.
7
Suppose -2*h + 101 + 109 = -2*z, -h = z - 91. Calculate the greatest common divisor of h and 11858.
98
Let y(w) = -13*w**2 + 5*w + 8. Let g be y(0). What is the greatest common factor of g and 572?
4
Let v = 1786 - 1785. Calculate the highest common divisor of v and 157.
1
Let w be 21*(1 + 10/15). Suppose -2*r + 21 + w = 0. What is the greatest common divisor of r and 14?
14
Let r(a) = 2*a - 38. Let c be -2*(-290)/40*2. Let z be r(c). Let u(y) = -y + 7. Let m be u(3). Calculate the greatest common factor of m and z.
4
Let w = -87 - -133. Let l = w + -46. Suppose -4*q + 2*y + 522 = l, y - 513 = -3*q - q. Calculate the greatest common factor of q and 43.
43
Suppose 0 = 34*u - 12*u + 1386. Let f = u + 71. Calculate the highest common divisor of 76 and f.
4
Let y = 308074 - 308002. Let z(p) = 59*p + 3. Let n be z(3). Calculate the highest common divisor of n and y.
36
Let j(s) = 13*s**2 - 17*s + 74. Let r be j(17). What is the highest common factor of r and 462?
154
Suppose -218*g - 3622 = -14086. What is the highest common factor of g and 8992?
16
Suppose 192*d + 169*d = -48*d + 35992. What is the greatest common factor of 187 and d?
11
Let s(l) = 314*l**2 + 1828*l + 15. Let t be s(-6). Calculate the highest common factor of t and 507.
39
Suppose 2*o = -3*w - 48, -2*o - 16 = 2*w - w. Let b be (51/6)/(((-20)/(-5))/w). Let q be 4/(-2) - (b - -22). What is the highest common divisor of 20 and q?
10
Let z = -372 + 382. Let m(r) = -r**3 - 11*r**2 - 5*r + 106. Let w be m(-12). What is the greatest common factor of z and w?
10
Suppose 236 = 3*u - 76. Let c = -4 + 4. Suppose c = g + 3*g - 104. Calculate the greatest common divisor of u and g.
26
Suppose 35*y - 10290 = -70*y. What is the greatest common divisor of 8 and y?
2
Let w be 48/12*(2387/44 - (-8)/2). Calculate the highest common divisor of 699 and w.
233
Let q be (89 - 0) + (7 - 6). Let v = -7302 - -7329. What is the highest common divisor of q and v?
9
Let q be ((-13)/(39/(-18)))/2 + 88. Suppose -4*i + 2*p = -52, 0 = 3*i + 5*p - 17 - 22. What is the highest common divisor of q and i?
13
Let r = -231 + 235. Suppose -5 = -f, r*d = 3*d - 4*f + 46. Calculate the greatest common divisor of 143 and d.
13
Suppose 28*b = 9*b - 1140. Let r = b + 67. Calculate the greatest common divisor of 175 and r.
7
Suppose 0 = 3*t - 2*t - 7*a, -5*t + 4*a + 155 = 0. What is the highest common divisor of 7 and t?
7
Let l be (2668/203)/(14/637). Suppose -4*i - 5*g + 87 + 122 = 0, -2*g = -10. Calculate the greatest common factor of i and l.
46
Let m = 2876 + -2768. Let f = -19 + 31. What is the highest common divisor of f and m?
12
Let r(n) = -n**3 + 10*n**2 - 6*n - 26. Let y be r(9). Let b be (3 - y)*(4/(-1))/(-4). Calculate the highest common divisor of 50 and b.
2
Suppose 54*m + 0*m = 47520. Calculate the highest common factor of m and 560.
80
Let z = 71 + 64. Let o(d) = 2509*d + 10063. Let c be o(-4). Calculate the greatest common factor of z and c.
27
Let u = 107 + -105. Suppose y = -5*b + 27, y - b - u = 7. Calculate the greatest common divisor of 4 and y.
4
Suppose 71*t + 24*t - 570 = 0. Let o(i) = -i**2 - 10*i + 11. Let r be o(-8). Calculate the highest common divisor of t and r.
3
Let b = 2645 - 2189. Calculate the greatest common factor of b and 152.
152
Let x(f) = -f**2 - 82*f + 1087. Let c be x(-93). Calculate the greatest common factor of c and 1568.
32
Let n = -18 + 22. Suppose 0 = n*a + 16 - 56. Let x be (a/4)/(1/2). What is the greatest common factor of 5 and x?
5
Let n be ((-7)/((-35)/10))/((-6)/(-483)). Suppose -25 + n = 8*j. Let h(a) = 20*a + 5. Let z be h(4). Calculate the highest common factor of z and j.
17
Let k = 1243 + -808. Let u = k + -419. Calculate the greatest common factor of 216 and u.
8
Suppose -4*w + 28 = 0, 19*w - 17*w + 4410 = 4*j. What is the highest common divisor of j and 126?
14
Suppose 0 = -4*p + p - 4*q + 567, 2*p = -q + 373. What is the greatest common divisor of p and 481?
37
Let k(m) = -2*m**3 - 2*m**2 + 23*m - 14. Suppose 4*d + 144 = -20*d. Let g be k(d). Calculate the greatest common divisor of g and 32.
16
Suppose -34 = -4*m - 3*l - 2, 4*l = -3*m + 31. Let o = 1540 - 1520. Calculate the greatest common factor of m and o.
5
Let m = -5684 + 5714. What is the greatest common divisor of 50 and m?
10
Suppose -13*n - 996 = -3*n - 2676. What is the highest common factor of 1560 and n?
24
Suppose 5*d - 3*c - 68453 = 118384, -2*c - 186838 = -5*d. What is the highest common divisor of d and 54?
54
Let l = 404 + -388. Suppose 174 = -2*j + 3*j. Suppose -10*w + j = -l. Calculate the highest common divisor of w and 19.
19
Suppose -28 = -10*b + 6*b. Suppose b*j - 1804 = 16. What is the highest common divisor of j and 65?
65
Let a(i) = -65*i - 2331. Let o be a(-45). Calculate the greatest common factor of o and 702.
54
Suppose v - 31 = 4*d, -3*v + 33 = -271*d + 274*d. What is the greatest common divisor of 17265 and v?
15
Let a(j) = -2*j**2 - 99*j - 330. Let y be a(-45). Calculate the greatest common divisor of 700 and y.
25
Let q(p) = -20*p + 1625. Let z be q(70). Calculate the highest common divisor of 3 and z.
3
Let f be (-2)/(-8) + (-56967)/(-68). Suppose -13*d + 2866 - f = 0. Calculate the highest common factor of d and 416.
52
Suppose q - p - 61 = p, -2*q - 3*p = -150. Suppose 0*o - 12 = -2*o. Let m be (-3 - (-15)/o)/((-15)/690). What is the highest common divisor of m and q?
23
Let k = -51 + 52. Let n = 549 + -545. What is the highest common divisor of k and n?
1
Suppose -5*s = 5*a - 20, -4*a = -5*s - 3*a + 38. Let v = -742 + 112. Let i be 32 + ((-60)/v - 86/21). Calculate the highest common factor of s and i.
7
Let b(d) = -40*d + 170. Let o be b(4). Let f(j) = 30*j + 48. Let v be f(o). What is the greatest common factor of 29 and v?
29
Suppose 111 - 391 = -3*b - 4*i, 2*b - 2*i - 182 = 0. Let l be 4/(-3 + (-1287)/(-423)). Let v = l - b. What is the highest common divisor of 34 and v?
2
Let a = 9715 + -9500. What is the highest common factor of 25 and a?
5
Suppose 192 = -0*w + 6*w. Suppose 6*m - 9*m + 4*k = -1868, -8*m + 4*k = -4988. Calculate the highest common divisor of w and m.
16
Let y(n) = -n**2 - 13*n - 24. Let x be y(-11). Let t be (7 - -1)*155/(-10)*x. Suppose 0 = 5*s - 452 - t. What is the highest common divisor of s and 7?
7
Let w(p) = -9*p**3 + 3*p**2 - 6*p - 10. Let h be w(-4). Suppose -8*o + h = -482. Let c = 48 + -28. What is the highest common divisor of o and c?
20
Let x(c) = -24*c + 240. Let h be x(-11). Calculate the greatest common factor of h and 189.
63
Let r(m) = m - 2. Let g be r(8). Let s be (44/g)/((-7)/(-21)). Let v(l) = -37*l - 141. Let b be v(-5). Calculate the greatest common factor of s and b.
22
Suppose -29*m + 190128 + 278184 = 49*m. Calculate the greatest common divisor of m and 395.
79
Suppose -2*n + 2171 = -5*g, -432*n - 3*g + 3204 = -429*n. Calculate the greatest common factor of n and 145.
29
Let k(v) = v**2 - 113*v + 711. Let m be k(113). Calculate the highest common divisor of m and 9.
9
Suppose -78 = -2*m - 4*m. Let j = 716 - 313. What is the greatest common factor of m and j?
13
Let q be (-1)/(-3) + 38/(-6). Let r(i) = 3*i**2 + 17*i + 16. Let l be r(q). Calculate the highest common factor of l and 154.
22
Let r = -987 + 1007. Let t = -1 - -1. Suppose t = 4*g - 2*o - 196, 110 = g + g + 5*o. What is the greatest common divisor of r and g?
10
Let g be 46 + -1*20/50*5. What is the greatest common factor of 25696 and g?
44
Suppose -5*s + s = x + 485, -s - 130 = 2*x. Let u = -22 - s. Let h = 28 - 14. What is the highest common factor of u and h?
14
Let n(a) = -2*a**3 - 68*a - 206. Let r be n(-3). Calculate the greatest common divisor of r and 4.
4
Let p = -8159 - -9585. Calculate the greatest common divisor of p and 682.
62
Let b = 8893 + -8515. Suppose -7 = v - 49. Calculate the highest common divisor of v and b.
42
Suppose 4*o + 561 = 5*g + 3*o, -133 = -g - 5*o. Suppose n + 13 = g. Let a = -95 + 115. What is the greatest common factor of a and n?
20
Suppose 4*k + 2*a = 0, -2*a = 